/50 + 4/10 is divided by -1 + 6 + 3 + -5.
2
Let n = 12 + 82. Calculate the remainder when n is divided by 20.
14
Let h(n) = 2*n**3 + 12*n**2 + 6*n + 7. What is the remainder when h(-5) is divided by ((-6)/4)/((-4)/40)?
12
Suppose -5*j - 2*o - 2*o = -140, 118 = 4*j + 2*o. Let p = 3 - -14. What is the remainder when j is divided by p?
15
Calculate the remainder when 1255/10 + -3 + 18/4 is divided by 33.
28
Suppose d + d = 6. What is the remainder when (-1 - (-9)/d)*19 is divided by 13?
12
Suppose 8*f + 140 = 692. Calculate the remainder when f is divided by 24.
21
Calculate the remainder when 28 + -3 + 24/4 is divided by 8.
7
Let y = 1 - 0. Let i = 65 + -27. Calculate the remainder when i is divided by 15 - y*4/2.
12
Let q = -2 + 5. Suppose 4*a + a = 20, -5*r - q*a = -82. What is the remainder when 27 is divided by r?
13
Let m(j) = -3*j - 5. Let a be m(-7). Suppose a = 8*b - 4*b. Suppose -15 = -3*x, -3*x - 269 = -b*g - 8*x. Calculate the remainder when g is divided by 21.
19
Let i be (5 + -5)/(0 + 1). Suppose 4*q + i*o - 37 = -3*o, 15 = 5*o. What is the remainder when q is divided by 5?
2
Suppose -z - 4*z + 99 = -3*i, 5*i - 21 = -2*z. Calculate the remainder when 87 is divided by z.
15
Let m = 16 + -9. Let b(o) = o**3 - 22*o**2 + 71*o + 38. What is the remainder when b(18) is divided by m?
6
Suppose 3*o + 90 = 3*s, -s - 2*s - 4*o = -55. Calculate the remainder when s is divided by 11.
3
Let u(o) = 2*o**2 + 10*o - 3. Suppose -4*t - 3*f = -88, 10 = -t + 5*f + 55. What is the remainder when t is divided by u(-6)?
7
Suppose 0 = -4*m + 31 + 29. Calculate the remainder when 26 is divided by m.
11
Suppose 5*f = -0*f + 25. Suppose h = -5*d - 7, -23 = -5*h + 5*d - d. What is the remainder when f is divided by h?
2
Let z(g) = -7*g + 1. What is the remainder when z(-7) is divided by 13?
11
Let k = 2 - -6. Suppose 0 = -k*g + 4*g + 32. What is the remainder when 14 is divided by g?
6
Let i(g) = -g**3 + 5*g**2 + 8*g - 7. Let r(m) = -4*m. Let l be r(-2). Suppose -j + 0 = -l. Calculate the remainder when j is divided by i(6).
3
Let r(d) = -d**2 - 5*d + 6. Let m be r(-6). Suppose m = -2*q + 5*c + 9, 4*q + 4 - 37 = -5*c. Calculate the remainder when 19 is divided by q.
5
Let q(h) = -2*h**3 - 5*h**2 - 2*h - 1. Let v(p) = -p - 3. Let c = 20 - 31. Calculate the remainder when q(-3) is divided by v(c).
6
Suppose -4*x + 2*x = -24. Calculate the remainder when 34 is divided by x.
10
Let z = -150 + 162. Calculate the remainder when z is divided by 5.
2
Let s(j) = -j**2 - 8*j + 4. Let b be s(-8). Suppose 7*g - b*g + 90 = 4*m, 2*m = g + 44. Calculate the remainder when m is divided by 11.
10
Let y(j) = -j**3 - 2*j**2 - 3*j - 3. Let o be y(-3). Let u = 52 - o. What is the remainder when u is divided by 4*(-1 - (-68)/16)?
11
Let v = 54 - 32. What is the remainder when 86 is divided by v?
20
Let d(j) = 5*j**2 + 3*j. Suppose -f - 3*f = 8. Calculate the remainder when 52 is divided by d(f).
10
Suppose -27 = -4*x + 85. Calculate the remainder when 53 is divided by x.
25
Let n(m) = -5*m + 5. Let f be n(-8). Calculate the remainder when 16 is divided by 1/(-5) + 414/f.
7
Suppose 3*c + 7*k - 63 = 9*k, 4*c + 2*k - 70 = 0. Suppose -3*l + 0*v + 167 = -5*v, 3*v = 5*l - 273. What is the remainder when l is divided by c?
16
Let l be (-2)/5 + (-36)/(-15). Suppose 4*o - 14 = l*o - 2*n, -7 = -o - 3*n. What is the remainder when 27 is divided by o?
6
Suppose -v + 5 = 0, -4*t - 2*v - 8 = -6*t. Calculate the remainder when 44 is divided by t.
8
Suppose o - 5*y = 20, -3*o - 2*y - 3*y = -80. Calculate the remainder when 47 is divided by o.
22
Let j be 2/(-4) + 741/6. Suppose -j = -4*n + 5*h - 23, -12 = -3*h. What is the remainder when n is divided by 8?
6
Let m = -6 + 15. What is the remainder when 24 is divided by m?
6
Let t(w) = 14*w**2 + 3*w + 26. Let j(g) = -5*g**2 - g - 9. Let k(z) = -17*j(z) - 6*t(z). Let x = 1 - -1. What is the remainder when k(3) is divided by x?
1
Let g = 26 + -18. What is the remainder when 11 is divided by g?
3
Let n = -83 + 146. Calculate the remainder when n is divided by 23.
17
Let o be (1 - 1)*2/(-4). Suppose o = 5*n - 55 - 25. Let a = -70 + 116. Calculate the remainder when a is divided by n.
14
What is the remainder when 12/42 + (-1548)/(-21) is divided by 38?
36
Suppose 2*w - 19 = -3*s, -3*s + 5*s = 2*w + 16. Calculate the remainder when 38 is divided by 4/(-14) - (-142)/s.
18
Let t be (42/35)/((-4)/(-10)). What is the remainder when 24 is divided by (39/(-9))/((-1)/t)?
11
Let p = 19 - 6. Let f = 36 + -36. Suppose 0 = -5*u + 2*k + 177, -4*k = 2*u - f*k - 90. What is the remainder when u is divided by p?
11
Let z(a) be the second derivative of -a**4/12 + 3*a**3/2 + 2*a**2 - 2*a. Calculate the remainder when 6 is divided by z(9).
2
Let u = 34 - 26. Calculate the remainder when 13 is divided by u.
5
Let j(x) = -3*x**2 + 12*x + 22. What is the remainder when 23 is divided by j(5)?
2
Suppose 0 = 3*d + 2*d - 250. Let b = -4 + 2. What is the remainder when d is divided by (b - -3)*-1*-13?
11
What is the remainder when ((-18)/21)/(9/(-84)) is divided by 6?
2
Suppose -5*w + 41 + 14 = 0. Suppose -3*l + 11 = 5*c - 22, -2*l = -2. Let s = c - 2. Calculate the remainder when w is divided by s.
3
Let y(r) = -2*r**2 + r. Let k be y(1). Let l = 0 - 0. What is the remainder when 22 is divided by k - (-7 + -2 - l)?
6
Let j(o) = o**2 + 10*o - 2. Calculate the remainder when 180/7 - 10/(-35) is divided by j(-11).
8
Let b(f) = -34*f - 3. Let g = -27 + 49. What is the remainder when b(-2) is divided by g?
21
Let a(j) = 6*j**2 + 11*j + 1. Suppose 3*p - 55 = -19. Calculate the remainder when p is divided by a(-2).
0
Suppose -2*d - 2*y - 2*y + 106 = 0, 4*y = -5*d + 277. Suppose 2*x = -4*z + 22, 2*x - z - 62 = -2*x. Calculate the remainder when d is divided by x.
12
Let k(x) = -x**3 - 5*x**2 - 4*x - 3. Let h be k(-4). What is the remainder when -5*6*h/6 is divided by 6?
3
Suppose 4*x = -0*x + 48. Suppose k = -r - 4*k + 11, -3*k - 48 = -2*r. What is the remainder when r is divided by x?
9
Suppose 9 = 3*o, 2*j - 5*j - 3*o = 369. What is the remainder when 26 is divided by (3/(-9))/(3/j)?
12
Suppose -85 = -3*n - 2*n. Calculate the remainder when n is divided by (-2)/8 - 1/(-4)*37.
8
Suppose -m + 4*t + 107 = -93, 0 = -4*m - 3*t + 781. Calculate the remainder when m is divided by 40.
36
Let n be ((-1)/3)/((-2)/18). Suppose n = 4*i + 7. Calculate the remainder when 44 is divided by i*1 - (-2 + -14).
14
Suppose -7 = z - 4*m, 2*z - 2*m + 16 = 4*z. Suppose z*t = 3*g + 41, -3*t + 17 = g + g. Calculate the remainder when (-2)/5 - 201/(-15) is divided by t.
6
Let b be ((-3)/(-2) - 1)*10. Suppose -b + 17 = -2*o. Let r = 24 + o. What is the remainder when 35 is divided by r?
17
Let g be ((-1)/(2/32))/(-1). Let s = g - 7. Calculate the remainder when s is divided by 2/(-7) + 60/14.
1
Suppose 1 - 2 = -a. Let x = a + 3. What is the remainder when 15 is divided by x?
3
Suppose -2*p + 8 = -2*n, -5*p = n - 3*n - 14. What is the remainder when 77 is divided by (-5)/p*(1 + -9)?
17
Let b(g) = 7*g**2 + g. Let w(d) = -d**2 - 5*d + 2. Let c be w(-5). Let k = 8 + c. What is the remainder when k is divided by b(-1)?
4
Let g be ((-12)/4)/(4/8). Let u = -1 - g. Suppose 4*x = -5*p + 23, 6 = -3*x + 3*p + 3. Calculate the remainder when u is divided by x.
1
Suppose 3*p - 2*t - 48 = 2*p, -5*p = -2*t - 200. Suppose -i + p = -59. What is the remainder when i is divided by 25?
22
Suppose -653 = -6*d - 161. What is the remainder when d is divided by 29?
24
Let q = -56 - -67. What is the remainder when 53 is divided by q?
9
Let k be (-4)/2 + 79 - -2. Let v = -44 + k. What is the remainder when v is divided by (-17 - -8)*(1 - 2)?
8
Let n(m) be the third derivative of m**5/15 - m**4/24 + m**3/6 + 4*m**2. Let d be n(1). Calculate the remainder when 4 is divided by d - -2*(-1)/2.
1
Let b = 4 + -7. Let a(p) = p**3 + 3*p**2 - p + 1. What is the remainder when 5/10*(-44)/(-2) is divided by a(b)?
3
Suppose -11 = -8*b + 5. Let f = -4 + 7. Suppose -3*y - r = -7 - 3, y + f*r + b = 0. Calculate the remainder when 11 is divided by y.
3
Let z = 21 - 34. Let f = z + 24. Calculate the remainder when f is divided by ((-2)/5)/((-1)/15).
5
Let j(w) = -w**2 - 4*w + 1. Let z be j(-3). Suppose -4*s + 3*q + 85 = 0, z*q = -s + 24 + 21. What is